{"id":1038,"date":"2019-04-14T14:35:24","date_gmt":"2019-04-14T14:35:24","guid":{"rendered":"https:\/\/thenational.se\/bo-ata\/veckans-meny\/"},"modified":"2026-03-18T11:33:13","modified_gmt":"2026-03-18T11:33:13","slug":"bistro","status":"publish","type":"page","link":"https:\/\/thenational.se\/en\/restaurant\/bistro\/","title":{"rendered":"\u00c0 la Carte"},"content":{"rendered":"","protected":false},"excerpt":{"rendered":"","protected":false},"author":1,"featured_media":10113,"parent":9305,"menu_order":2,"comment_status":"closed","ping_status":"closed","template":"","meta":{"_acf_changed":false,"footnotes":""},"class_list":["post-1038","page","type-page","status-publish","has-post-thumbnail","hentry"],"acf":[],"yoast_head":"<!-- This site is optimized with the Yoast SEO plugin v27.2 - https:\/\/yoast.com\/product\/yoast-seo-wordpress\/ -->\n<title>\u00c0 la Carte - The National<\/title>\n<meta name=\"description\" content=\"For dinner we serve a three-course menu in addition to our regular bistro menu. A top-class taste experience.\" \/>\n<meta name=\"robots\" content=\"index, follow, max-snippet:-1, max-image-preview:large, max-video-preview:-1\" \/>\n<link rel=\"canonical\" href=\"https:\/\/thenational.se\/en\/restaurant\/bistro\/\" \/>\n<meta property=\"og:locale\" content=\"en_US\" \/>\n<meta property=\"og:type\" content=\"article\" \/>\n<meta property=\"og:title\" content=\"\u00c0 la Carte - The National\" \/>\n<meta property=\"og:description\" content=\"For dinner we serve a three-course menu in addition to our regular bistro menu. A top-class taste experience.\" \/>\n<meta property=\"og:url\" content=\"https:\/\/thenational.se\/en\/restaurant\/bistro\/\" \/>\n<meta property=\"og:site_name\" content=\"The National\" \/>\n<meta property=\"article:publisher\" content=\"https:\/\/www.facebook.com\/thenationalsweden\" \/>\n<meta property=\"article:modified_time\" content=\"2026-03-18T11:33:13+00:00\" \/>\n<meta property=\"og:image\" content=\"https:\/\/thenational.se\/wp-content\/uploads\/2024\/11\/dagens-lunch-1080x1080-2.jpg\" \/>\n\t<meta property=\"og:image:width\" content=\"1080\" \/>\n\t<meta property=\"og:image:height\" content=\"1080\" \/>\n\t<meta property=\"og:image:type\" content=\"image\/jpeg\" \/>\n<meta name=\"twitter:card\" content=\"summary_large_image\" \/>\n<meta name=\"twitter:label1\" content=\"Est. reading time\" \/>\n\t<meta name=\"twitter:data1\" content=\"1 minute\" \/>\n<script type=\"application\/ld+json\" class=\"yoast-schema-graph\">{\"@context\":\"https:\/\/schema.org\",\"@graph\":[{\"@type\":\"WebPage\",\"@id\":\"https:\/\/thenational.se\/en\/restaurant\/bistro\/\",\"url\":\"https:\/\/thenational.se\/en\/restaurant\/bistro\/\",\"name\":\"\u00c0 la Carte - The National\",\"isPartOf\":{\"@id\":\"https:\/\/thenational.se\/#website\"},\"primaryImageOfPage\":{\"@id\":\"https:\/\/thenational.se\/en\/restaurant\/bistro\/#primaryimage\"},\"image\":{\"@id\":\"https:\/\/thenational.se\/en\/restaurant\/bistro\/#primaryimage\"},\"thumbnailUrl\":\"https:\/\/thenational.se\/wp-content\/uploads\/2024\/11\/dagens-lunch-1080x1080-2.jpg\",\"datePublished\":\"2019-04-14T14:35:24+00:00\",\"dateModified\":\"2026-03-18T11:33:13+00:00\",\"description\":\"For dinner we serve a three-course menu in addition to our regular bistro menu. A top-class taste experience.\",\"breadcrumb\":{\"@id\":\"https:\/\/thenational.se\/en\/restaurant\/bistro\/#breadcrumb\"},\"inLanguage\":\"en-US\",\"potentialAction\":[{\"@type\":\"ReadAction\",\"target\":[\"https:\/\/thenational.se\/en\/restaurant\/bistro\/\"]}]},{\"@type\":\"ImageObject\",\"inLanguage\":\"en-US\",\"@id\":\"https:\/\/thenational.se\/en\/restaurant\/bistro\/#primaryimage\",\"url\":\"https:\/\/thenational.se\/wp-content\/uploads\/2024\/11\/dagens-lunch-1080x1080-2.jpg\",\"contentUrl\":\"https:\/\/thenational.se\/wp-content\/uploads\/2024\/11\/dagens-lunch-1080x1080-2.jpg\",\"width\":1080,\"height\":1080,\"caption\":\"Klassisk r\u00e4kmacka p\u00e5 menyn \u2013 en \u00e4lskad favorit fr\u00e5n havet, gener\u00f6st toppad med handskalade r\u00e4kor, fr\u00e4scha tillbeh\u00f6r och serverad med omsorg p\u00e5 The National\"},{\"@type\":\"BreadcrumbList\",\"@id\":\"https:\/\/thenational.se\/en\/restaurant\/bistro\/#breadcrumb\",\"itemListElement\":[{\"@type\":\"ListItem\",\"position\":1,\"name\":\"Home\",\"item\":\"https:\/\/thenational.se\/en\/\"},{\"@type\":\"ListItem\",\"position\":2,\"name\":\"Restaurant\",\"item\":\"https:\/\/thenational.se\/en\/restaurant\/\"},{\"@type\":\"ListItem\",\"position\":3,\"name\":\"\u00c0 la Carte\"}]},{\"@type\":\"WebSite\",\"@id\":\"https:\/\/thenational.se\/#website\",\"url\":\"https:\/\/thenational.se\/\",\"name\":\"The National\",\"description\":\"Oslagbara m\u00f6ten\",\"publisher\":{\"@id\":\"https:\/\/thenational.se\/#organization\"},\"potentialAction\":[{\"@type\":\"SearchAction\",\"target\":{\"@type\":\"EntryPoint\",\"urlTemplate\":\"https:\/\/thenational.se\/?s={search_term_string}\"},\"query-input\":{\"@type\":\"PropertyValueSpecification\",\"valueRequired\":true,\"valueName\":\"search_term_string\"}}],\"inLanguage\":\"en-US\"},{\"@type\":\"Organization\",\"@id\":\"https:\/\/thenational.se\/#organization\",\"name\":\"The National\",\"url\":\"https:\/\/thenational.se\/\",\"logo\":{\"@type\":\"ImageObject\",\"inLanguage\":\"en-US\",\"@id\":\"https:\/\/thenational.se\/#\/schema\/logo\/image\/\",\"url\":\"https:\/\/thenational.se\/wp-content\/uploads\/2023\/03\/cropped-The-national_emblem_guld.png\",\"contentUrl\":\"https:\/\/thenational.se\/wp-content\/uploads\/2023\/03\/cropped-The-national_emblem_guld.png\",\"width\":512,\"height\":512,\"caption\":\"The National\"},\"image\":{\"@id\":\"https:\/\/thenational.se\/#\/schema\/logo\/image\/\"},\"sameAs\":[\"https:\/\/www.facebook.com\/thenationalsweden\",\"https:\/\/www.instagram.com\/thenationalsweden\/\",\"https:\/\/www.linkedin.com\/company\/thenationalsweden\/\",\"https:\/\/www.youtube.com\/@The.National\",\"https:\/\/g.page\/r\/CcRghQsSElkNEBM\/\"]}]}<\/script>\n<!-- \/ Yoast SEO plugin. -->","yoast_head_json":{"title":"\u00c0 la Carte - The National","description":"For dinner we serve a three-course menu in addition to our regular bistro menu. A top-class taste experience.","robots":{"index":"index","follow":"follow","max-snippet":"max-snippet:-1","max-image-preview":"max-image-preview:large","max-video-preview":"max-video-preview:-1"},"canonical":"https:\/\/thenational.se\/en\/restaurant\/bistro\/","og_locale":"en_US","og_type":"article","og_title":"\u00c0 la Carte - The National","og_description":"For dinner we serve a three-course menu in addition to our regular bistro menu. A top-class taste experience.","og_url":"https:\/\/thenational.se\/en\/restaurant\/bistro\/","og_site_name":"The National","article_publisher":"https:\/\/www.facebook.com\/thenationalsweden","article_modified_time":"2026-03-18T11:33:13+00:00","og_image":[{"width":1080,"height":1080,"url":"https:\/\/thenational.se\/wp-content\/uploads\/2024\/11\/dagens-lunch-1080x1080-2.jpg","type":"image\/jpeg"}],"twitter_card":"summary_large_image","twitter_misc":{"Est. reading time":"1 minute"},"schema":{"@context":"https:\/\/schema.org","@graph":[{"@type":"WebPage","@id":"https:\/\/thenational.se\/en\/restaurant\/bistro\/","url":"https:\/\/thenational.se\/en\/restaurant\/bistro\/","name":"\u00c0 la Carte - The National","isPartOf":{"@id":"https:\/\/thenational.se\/#website"},"primaryImageOfPage":{"@id":"https:\/\/thenational.se\/en\/restaurant\/bistro\/#primaryimage"},"image":{"@id":"https:\/\/thenational.se\/en\/restaurant\/bistro\/#primaryimage"},"thumbnailUrl":"https:\/\/thenational.se\/wp-content\/uploads\/2024\/11\/dagens-lunch-1080x1080-2.jpg","datePublished":"2019-04-14T14:35:24+00:00","dateModified":"2026-03-18T11:33:13+00:00","description":"For dinner we serve a three-course menu in addition to our regular bistro menu. A top-class taste experience.","breadcrumb":{"@id":"https:\/\/thenational.se\/en\/restaurant\/bistro\/#breadcrumb"},"inLanguage":"en-US","potentialAction":[{"@type":"ReadAction","target":["https:\/\/thenational.se\/en\/restaurant\/bistro\/"]}]},{"@type":"ImageObject","inLanguage":"en-US","@id":"https:\/\/thenational.se\/en\/restaurant\/bistro\/#primaryimage","url":"https:\/\/thenational.se\/wp-content\/uploads\/2024\/11\/dagens-lunch-1080x1080-2.jpg","contentUrl":"https:\/\/thenational.se\/wp-content\/uploads\/2024\/11\/dagens-lunch-1080x1080-2.jpg","width":1080,"height":1080,"caption":"Klassisk r\u00e4kmacka p\u00e5 menyn \u2013 en \u00e4lskad favorit fr\u00e5n havet, gener\u00f6st toppad med handskalade r\u00e4kor, fr\u00e4scha tillbeh\u00f6r och serverad med omsorg p\u00e5 The National"},{"@type":"BreadcrumbList","@id":"https:\/\/thenational.se\/en\/restaurant\/bistro\/#breadcrumb","itemListElement":[{"@type":"ListItem","position":1,"name":"Home","item":"https:\/\/thenational.se\/en\/"},{"@type":"ListItem","position":2,"name":"Restaurant","item":"https:\/\/thenational.se\/en\/restaurant\/"},{"@type":"ListItem","position":3,"name":"\u00c0 la Carte"}]},{"@type":"WebSite","@id":"https:\/\/thenational.se\/#website","url":"https:\/\/thenational.se\/","name":"The National","description":"Oslagbara m\u00f6ten","publisher":{"@id":"https:\/\/thenational.se\/#organization"},"potentialAction":[{"@type":"SearchAction","target":{"@type":"EntryPoint","urlTemplate":"https:\/\/thenational.se\/?s={search_term_string}"},"query-input":{"@type":"PropertyValueSpecification","valueRequired":true,"valueName":"search_term_string"}}],"inLanguage":"en-US"},{"@type":"Organization","@id":"https:\/\/thenational.se\/#organization","name":"The National","url":"https:\/\/thenational.se\/","logo":{"@type":"ImageObject","inLanguage":"en-US","@id":"https:\/\/thenational.se\/#\/schema\/logo\/image\/","url":"https:\/\/thenational.se\/wp-content\/uploads\/2023\/03\/cropped-The-national_emblem_guld.png","contentUrl":"https:\/\/thenational.se\/wp-content\/uploads\/2023\/03\/cropped-The-national_emblem_guld.png","width":512,"height":512,"caption":"The National"},"image":{"@id":"https:\/\/thenational.se\/#\/schema\/logo\/image\/"},"sameAs":["https:\/\/www.facebook.com\/thenationalsweden","https:\/\/www.instagram.com\/thenationalsweden\/","https:\/\/www.linkedin.com\/company\/thenationalsweden\/","https:\/\/www.youtube.com\/@The.National","https:\/\/g.page\/r\/CcRghQsSElkNEBM\/"]}]}},"_links":{"self":[{"href":"https:\/\/thenational.se\/en\/wp-json\/wp\/v2\/pages\/1038","targetHints":{"allow":["GET"]}}],"collection":[{"href":"https:\/\/thenational.se\/en\/wp-json\/wp\/v2\/pages"}],"about":[{"href":"https:\/\/thenational.se\/en\/wp-json\/wp\/v2\/types\/page"}],"author":[{"embeddable":true,"href":"https:\/\/thenational.se\/en\/wp-json\/wp\/v2\/users\/1"}],"replies":[{"embeddable":true,"href":"https:\/\/thenational.se\/en\/wp-json\/wp\/v2\/comments?post=1038"}],"version-history":[{"count":35,"href":"https:\/\/thenational.se\/en\/wp-json\/wp\/v2\/pages\/1038\/revisions"}],"predecessor-version":[{"id":14103,"href":"https:\/\/thenational.se\/en\/wp-json\/wp\/v2\/pages\/1038\/revisions\/14103"}],"up":[{"embeddable":true,"href":"https:\/\/thenational.se\/en\/wp-json\/wp\/v2\/pages\/9305"}],"wp:featuredmedia":[{"embeddable":true,"href":"https:\/\/thenational.se\/en\/wp-json\/wp\/v2\/media\/10113"}],"wp:attachment":[{"href":"https:\/\/thenational.se\/en\/wp-json\/wp\/v2\/media?parent=1038"}],"curies":[{"name":"wp","href":"https:\/\/api.w.org\/{rel}","templated":true}]}}

À la Carte

<!-- This site is optimized with the Yoast SEO plugin v27.2 - https://yoast.com/product/yoast-seo-wordpress/ -->
<title>À la Carte - The National</title>
<meta name="description" content="For dinner we serve a three-course menu in addition to our regular bistro menu. A top-class taste experience." />
<meta name="robots" content="index, follow, max-snippet:-1, max-image-preview:large, max-video-preview:-1" />
<link rel="canonical" href="https://thenational.se/en/restaurant/bistro/" />
<meta property="og:locale" content="en_US" />
<meta property="og:type" content="article" />
<meta property="og:title" content="À la Carte - The National" />
<meta property="og:description" content="For dinner we serve a three-course menu in addition to our regular bistro menu. A top-class taste experience." />
<meta property="og:url" content="https://thenational.se/en/restaurant/bistro/" />
<meta property="og:site_name" content="The National" />
<meta property="article:publisher" content="https://www.facebook.com/thenationalsweden" />
<meta property="article:modified_time" content="2026-03-18T11:33:13+00:00" />
<meta property="og:image" content="https://thenational.se/wp-content/uploads/2024/11/dagens-lunch-1080x1080-2.jpg" />
	<meta property="og:image:width" content="1080" />
	<meta property="og:image:height" content="1080" />
	<meta property="og:image:type" content="image/jpeg" />
<meta name="twitter:card" content="summary_large_image" />
<meta name="twitter:label1" content="Est. reading time" />
	<meta name="twitter:data1" content="1 minute" />
<script type="application/ld+json" class="yoast-schema-graph">{"@context":"https://schema.org","@graph":[{"@type":"WebPage","@id":"https://thenational.se/en/restaurant/bistro/","url":"https://thenational.se/en/restaurant/bistro/","name":"À la Carte - The National","isPartOf":{"@id":"https://thenational.se/#website"},"primaryImageOfPage":{"@id":"https://thenational.se/en/restaurant/bistro/#primaryimage"},"image":{"@id":"https://thenational.se/en/restaurant/bistro/#primaryimage"},"thumbnailUrl":"https://thenational.se/wp-content/uploads/2024/11/dagens-lunch-1080x1080-2.jpg","datePublished":"2019-04-14T14:35:24+00:00","dateModified":"2026-03-18T11:33:13+00:00","description":"For dinner we serve a three-course menu in addition to our regular bistro menu. A top-class taste experience.","breadcrumb":{"@id":"https://thenational.se/en/restaurant/bistro/#breadcrumb"},"inLanguage":"en-US","potentialAction":[{"@type":"ReadAction","target":["https://thenational.se/en/restaurant/bistro/"]}]},{"@type":"ImageObject","inLanguage":"en-US","@id":"https://thenational.se/en/restaurant/bistro/#primaryimage","url":"https://thenational.se/wp-content/uploads/2024/11/dagens-lunch-1080x1080-2.jpg","contentUrl":"https://thenational.se/wp-content/uploads/2024/11/dagens-lunch-1080x1080-2.jpg","width":1080,"height":1080,"caption":"Klassisk räkmacka på menyn – en älskad favorit från havet, generöst toppad med handskalade räkor, fräscha tillbehör och serverad med omsorg på The National"},{"@type":"BreadcrumbList","@id":"https://thenational.se/en/restaurant/bistro/#breadcrumb","itemListElement":[{"@type":"ListItem","position":1,"name":"Home","item":"https://thenational.se/en/"},{"@type":"ListItem","position":2,"name":"Restaurant","item":"https://thenational.se/en/restaurant/"},{"@type":"ListItem","position":3,"name":"À la Carte"}]},{"@type":"WebSite","@id":"https://thenational.se/#website","url":"https://thenational.se/","name":"The National","description":"Oslagbara möten","publisher":{"@id":"https://thenational.se/#organization"},"potentialAction":[{"@type":"SearchAction","target":{"@type":"EntryPoint","urlTemplate":"https://thenational.se/?s={search_term_string}"},"query-input":{"@type":"PropertyValueSpecification","valueRequired":true,"valueName":"search_term_string"}}],"inLanguage":"en-US"},{"@type":"Organization","@id":"https://thenational.se/#organization","name":"The National","url":"https://thenational.se/","logo":{"@type":"ImageObject","inLanguage":"en-US","@id":"https://thenational.se/#/schema/logo/image/","url":"https://thenational.se/wp-content/uploads/2023/03/cropped-The-national_emblem_guld.png","contentUrl":"https://thenational.se/wp-content/uploads/2023/03/cropped-The-national_emblem_guld.png","width":512,"height":512,"caption":"The National"},"image":{"@id":"https://thenational.se/#/schema/logo/image/"},"sameAs":["https://www.facebook.com/thenationalsweden","https://www.instagram.com/thenationalsweden/","https://www.linkedin.com/company/thenationalsweden/","https://www.youtube.com/@The.National","https://g.page/r/CcRghQsSElkNEBM/"]}]}</script>
<!-- / Yoast SEO plugin. -->

À la Carte - The National

Klassisk räkmacka på menyn – en älskad favorit från havet, generöst toppad med handskalade räkor, fräscha tillbehör och serverad med omsorg på The National

Oslagbara möten
